{"id":5240,"date":"2024-05-16T17:40:36","date_gmt":"2024-05-16T17:40:36","guid":{"rendered":"https:\/\/jeans.com.py\/tienda\/?post_type=product&#038;p=5240"},"modified":"2024-05-16T17:41:40","modified_gmt":"2024-05-16T17:41:40","slug":"pullover-para-hombre-2-por-gs-249-000","status":"publish","type":"product","link":"https:\/\/jeans.com.py\/tienda\/producto\/pullover-para-hombre-2-por-gs-249-000\/","title":{"rendered":"Pullover para hombre 2 por Gs.249.000"},"content":{"rendered":"<p>Pullover para hombre 2 por Gs.249.000,<strong> con delivery gratis para Asunci\u00f3n, zona centro<\/strong>. Talles del M al XL.<\/p>\n<p>Hac\u00e9 tu pedido al Whatsapp: <a href=\"https:\/\/api.whatsapp.com\/send\/?phone=595961238487&amp;text=Hola%2C+quiero+hacer+el+siguiente+pedido.%0A%0AJeans+para+damas+Talles+Plus.+3+por+gs.199.000%0A%E2%82%B2+199.000%0Ahttps%3A%2F%2Fjeans.com.py%2Ftienda%2Fproducto%2Fjeans-para-damas-talles-plus%2F&amp;type=phone_number&amp;app_absent=0\">LINK<\/a><\/p>\n<p>Hacemos env\u00edos a todo el pa\u00eds.<\/p>\n<p>&nbsp;<\/p>\n<p>&nbsp;<\/p>\n<p>&nbsp;<\/p>\n","protected":false},"excerpt":{"rendered":"<p>Pullover para hombre 2 por Gs.249.000, con delivery gratis para Asunci\u00f3n, zona centro. Talles del M al XL. Hac\u00e9 tu pedido al Whatsapp: LINK Hacemos env\u00edos a todo el pa\u00eds. &nbsp; &nbsp; &nbsp;<\/p>\n","protected":false},"featured_media":5241,"comment_status":"open","ping_status":"closed","template":"","meta":{"site-sidebar-layout":"default","site-content-layout":"","ast-site-content-layout":"default","site-content-style":"default","site-sidebar-style":"default","ast-global-header-display":"","ast-banner-title-visibility":"","ast-main-header-display":"","ast-hfb-above-header-display":"","ast-hfb-below-header-display":"","ast-hfb-mobile-header-display":"","site-post-title":"","ast-breadcrumbs-content":"","ast-featured-img":"","footer-sml-layout":"","theme-transparent-header-meta":"default","adv-header-id-meta":"","stick-header-meta":"","header-above-stick-meta":"","header-main-stick-meta":"","header-below-stick-meta":"","astra-migrate-meta-layouts":"set","ast-page-background-enabled":"default","ast-page-background-meta":{"desktop":{"background-color":"","background-image":"","background-repeat":"repeat","background-position":"center center","background-size":"auto","background-attachment":"scroll","background-type":"","background-media":"","overlay-type":"","overlay-color":"","overlay-opacity":"","overlay-gradient":""},"tablet":{"background-color":"","background-image":"","background-repeat":"repeat","background-position":"center center","background-size":"auto","background-attachment":"scroll","background-type":"","background-media":"","overlay-type":"","overlay-color":"","overlay-opacity":"","overlay-gradient":""},"mobile":{"background-color":"","background-image":"","background-repeat":"repeat","background-position":"center center","background-size":"auto","background-attachment":"scroll","background-type":"","background-media":"","overlay-type":"","overlay-color":"","overlay-opacity":"","overlay-gradient":""}},"ast-content-background-meta":{"desktop":{"background-color":"var(--ast-global-color-5)","background-image":"","background-repeat":"repeat","background-position":"center center","background-size":"auto","background-attachment":"scroll","background-type":"","background-media":"","overlay-type":"","overlay-color":"","overlay-opacity":"","overlay-gradient":""},"tablet":{"background-color":"var(--ast-global-color-5)","background-image":"","background-repeat":"repeat","background-position":"center center","background-size":"auto","background-attachment":"scroll","background-type":"","background-media":"","overlay-type":"","overlay-color":"","overlay-opacity":"","overlay-gradient":""},"mobile":{"background-color":"var(--ast-global-color-5)","background-image":"","background-repeat":"repeat","background-position":"center center","background-size":"auto","background-attachment":"scroll","background-type":"","background-media":"","overlay-type":"","overlay-color":"","overlay-opacity":"","overlay-gradient":""}}},"product_brand":[],"product_cat":[46],"product_tag":[],"class_list":{"0":"post-5240","1":"product","2":"type-product","3":"status-publish","4":"has-post-thumbnail","6":"product_cat-caballeros","7":"desktop-align-left","8":"tablet-align-left","9":"mobile-align-left","11":"first","12":"instock","13":"sale","14":"shipping-taxable","15":"purchasable","16":"product-type-simple"},"yoast_head":"<!-- This site is optimized with the Yoast SEO plugin v27.0 - https:\/\/yoast.com\/product\/yoast-seo-wordpress\/ -->\n<title>Pullover para hombre 2 por Gs.249.000 - Jeans.com.py<\/title>\n<meta name=\"description\" content=\"Pullover para hombre 2 por Gs. 249.000 con env\u00edo gratis para Asunci\u00f3n, zona centro. \u00a1Hac\u00e9 tu pedido ahora!\" \/>\n<meta name=\"robots\" content=\"index, follow, max-snippet:-1, max-image-preview:large, max-video-preview:-1\" \/>\n<link rel=\"canonical\" href=\"https:\/\/jeans.com.py\/tienda\/producto\/pullover-para-hombre-2-por-gs-249-000\/\" \/>\n<meta property=\"og:locale\" content=\"es_ES\" \/>\n<meta property=\"og:type\" content=\"article\" \/>\n<meta property=\"og:title\" content=\"Pullover para hombre 2 por Gs.249.000 - Jeans.com.py\" \/>\n<meta property=\"og:description\" content=\"Pullover para hombre 2 por Gs. 249.000 con env\u00edo gratis para Asunci\u00f3n, zona centro. \u00a1Hac\u00e9 tu pedido ahora!\" \/>\n<meta property=\"og:url\" content=\"https:\/\/jeans.com.py\/tienda\/producto\/pullover-para-hombre-2-por-gs-249-000\/\" \/>\n<meta property=\"og:site_name\" content=\"Jeans.com.py\" \/>\n<meta property=\"article:publisher\" content=\"https:\/\/www.facebook.com\/jeans.com.py\" \/>\n<meta property=\"article:modified_time\" content=\"2024-05-16T17:41:40+00:00\" \/>\n<meta property=\"og:image\" content=\"https:\/\/jeans.com.py\/tienda\/wp-content\/uploads\/2024\/05\/pullover_para_hombres.jpeg\" \/>\n\t<meta property=\"og:image:width\" content=\"375\" \/>\n\t<meta property=\"og:image:height\" content=\"500\" \/>\n\t<meta property=\"og:image:type\" content=\"image\/jpeg\" \/>\n<meta name=\"twitter:card\" content=\"summary_large_image\" \/>\n<meta name=\"twitter:label1\" content=\"Tiempo de lectura\" \/>\n\t<meta name=\"twitter:data1\" content=\"1 minuto\" \/>\n<script type=\"application\/ld+json\" class=\"yoast-schema-graph\">{\"@context\":\"https:\/\/schema.org\",\"@graph\":[{\"@type\":\"WebPage\",\"@id\":\"https:\/\/jeans.com.py\/tienda\/producto\/pullover-para-hombre-2-por-gs-249-000\/\",\"url\":\"https:\/\/jeans.com.py\/tienda\/producto\/pullover-para-hombre-2-por-gs-249-000\/\",\"name\":\"Pullover para hombre 2 por Gs.249.000 - Jeans.com.py\",\"isPartOf\":{\"@id\":\"https:\/\/jeans.com.py\/tienda\/#website\"},\"primaryImageOfPage\":{\"@id\":\"https:\/\/jeans.com.py\/tienda\/producto\/pullover-para-hombre-2-por-gs-249-000\/#primaryimage\"},\"image\":{\"@id\":\"https:\/\/jeans.com.py\/tienda\/producto\/pullover-para-hombre-2-por-gs-249-000\/#primaryimage\"},\"thumbnailUrl\":\"https:\/\/jeans.com.py\/tienda\/wp-content\/uploads\/2024\/05\/pullover_para_hombres.jpeg\",\"datePublished\":\"2024-05-16T17:40:36+00:00\",\"dateModified\":\"2024-05-16T17:41:40+00:00\",\"description\":\"Pullover para hombre 2 por Gs. 249.000 con env\u00edo gratis para Asunci\u00f3n, zona centro. \u00a1Hac\u00e9 tu pedido ahora!\",\"breadcrumb\":{\"@id\":\"https:\/\/jeans.com.py\/tienda\/producto\/pullover-para-hombre-2-por-gs-249-000\/#breadcrumb\"},\"inLanguage\":\"es-AR\",\"potentialAction\":[{\"@type\":\"ReadAction\",\"target\":[\"https:\/\/jeans.com.py\/tienda\/producto\/pullover-para-hombre-2-por-gs-249-000\/\"]}]},{\"@type\":\"ImageObject\",\"inLanguage\":\"es-AR\",\"@id\":\"https:\/\/jeans.com.py\/tienda\/producto\/pullover-para-hombre-2-por-gs-249-000\/#primaryimage\",\"url\":\"https:\/\/jeans.com.py\/tienda\/wp-content\/uploads\/2024\/05\/pullover_para_hombres.jpeg\",\"contentUrl\":\"https:\/\/jeans.com.py\/tienda\/wp-content\/uploads\/2024\/05\/pullover_para_hombres.jpeg\",\"width\":375,\"height\":500,\"caption\":\"pullover para hombre\"},{\"@type\":\"BreadcrumbList\",\"@id\":\"https:\/\/jeans.com.py\/tienda\/producto\/pullover-para-hombre-2-por-gs-249-000\/#breadcrumb\",\"itemListElement\":[{\"@type\":\"ListItem\",\"position\":1,\"name\":\"Inicio\",\"item\":\"https:\/\/jeans.com.py\/tienda\/\"},{\"@type\":\"ListItem\",\"position\":2,\"name\":\"Tienda\",\"item\":\"https:\/\/jeans.com.py\/tienda\/tienda\/\"},{\"@type\":\"ListItem\",\"position\":3,\"name\":\"Pullover para hombre 2 por Gs.249.000\"}]},{\"@type\":\"WebSite\",\"@id\":\"https:\/\/jeans.com.py\/tienda\/#website\",\"url\":\"https:\/\/jeans.com.py\/tienda\/\",\"name\":\"Jeans.com.py Outlet online en Paraguay\",\"description\":\"Outlet de jeans online en Paraguay\",\"publisher\":{\"@id\":\"https:\/\/jeans.com.py\/tienda\/#organization\"},\"potentialAction\":[{\"@type\":\"SearchAction\",\"target\":{\"@type\":\"EntryPoint\",\"urlTemplate\":\"https:\/\/jeans.com.py\/tienda\/?s={search_term_string}\"},\"query-input\":{\"@type\":\"PropertyValueSpecification\",\"valueRequired\":true,\"valueName\":\"search_term_string\"}}],\"inLanguage\":\"es-AR\"},{\"@type\":\"Organization\",\"@id\":\"https:\/\/jeans.com.py\/tienda\/#organization\",\"name\":\"Jeans.com.py Outlet online en Paraguay\",\"url\":\"https:\/\/jeans.com.py\/tienda\/\",\"logo\":{\"@type\":\"ImageObject\",\"inLanguage\":\"es-AR\",\"@id\":\"https:\/\/jeans.com.py\/tienda\/#\/schema\/logo\/image\/\",\"url\":\"https:\/\/jeans.com.py\/tienda\/wp-content\/uploads\/2022\/10\/jeans-e1667927625870.png\",\"contentUrl\":\"https:\/\/jeans.com.py\/tienda\/wp-content\/uploads\/2022\/10\/jeans-e1667927625870.png\",\"width\":680,\"height\":246,\"caption\":\"Jeans.com.py Outlet online en Paraguay\"},\"image\":{\"@id\":\"https:\/\/jeans.com.py\/tienda\/#\/schema\/logo\/image\/\"},\"sameAs\":[\"https:\/\/www.facebook.com\/jeans.com.py\",\"https:\/\/www.instagram.com\/jeans.com.py\/\"]}]}<\/script>\n<!-- \/ Yoast SEO plugin. -->","yoast_head_json":{"title":"Pullover para hombre 2 por Gs.249.000 - Jeans.com.py","description":"Pullover para hombre 2 por Gs. 249.000 con env\u00edo gratis para Asunci\u00f3n, zona centro. \u00a1Hac\u00e9 tu pedido ahora!","robots":{"index":"index","follow":"follow","max-snippet":"max-snippet:-1","max-image-preview":"max-image-preview:large","max-video-preview":"max-video-preview:-1"},"canonical":"https:\/\/jeans.com.py\/tienda\/producto\/pullover-para-hombre-2-por-gs-249-000\/","og_locale":"es_ES","og_type":"article","og_title":"Pullover para hombre 2 por Gs.249.000 - Jeans.com.py","og_description":"Pullover para hombre 2 por Gs. 249.000 con env\u00edo gratis para Asunci\u00f3n, zona centro. \u00a1Hac\u00e9 tu pedido ahora!","og_url":"https:\/\/jeans.com.py\/tienda\/producto\/pullover-para-hombre-2-por-gs-249-000\/","og_site_name":"Jeans.com.py","article_publisher":"https:\/\/www.facebook.com\/jeans.com.py","article_modified_time":"2024-05-16T17:41:40+00:00","og_image":[{"width":375,"height":500,"url":"https:\/\/jeans.com.py\/tienda\/wp-content\/uploads\/2024\/05\/pullover_para_hombres.jpeg","type":"image\/jpeg"}],"twitter_card":"summary_large_image","twitter_misc":{"Tiempo de lectura":"1 minuto"},"schema":{"@context":"https:\/\/schema.org","@graph":[{"@type":"WebPage","@id":"https:\/\/jeans.com.py\/tienda\/producto\/pullover-para-hombre-2-por-gs-249-000\/","url":"https:\/\/jeans.com.py\/tienda\/producto\/pullover-para-hombre-2-por-gs-249-000\/","name":"Pullover para hombre 2 por Gs.249.000 - Jeans.com.py","isPartOf":{"@id":"https:\/\/jeans.com.py\/tienda\/#website"},"primaryImageOfPage":{"@id":"https:\/\/jeans.com.py\/tienda\/producto\/pullover-para-hombre-2-por-gs-249-000\/#primaryimage"},"image":{"@id":"https:\/\/jeans.com.py\/tienda\/producto\/pullover-para-hombre-2-por-gs-249-000\/#primaryimage"},"thumbnailUrl":"https:\/\/jeans.com.py\/tienda\/wp-content\/uploads\/2024\/05\/pullover_para_hombres.jpeg","datePublished":"2024-05-16T17:40:36+00:00","dateModified":"2024-05-16T17:41:40+00:00","description":"Pullover para hombre 2 por Gs. 249.000 con env\u00edo gratis para Asunci\u00f3n, zona centro. \u00a1Hac\u00e9 tu pedido ahora!","breadcrumb":{"@id":"https:\/\/jeans.com.py\/tienda\/producto\/pullover-para-hombre-2-por-gs-249-000\/#breadcrumb"},"inLanguage":"es-AR","potentialAction":[{"@type":"ReadAction","target":["https:\/\/jeans.com.py\/tienda\/producto\/pullover-para-hombre-2-por-gs-249-000\/"]}]},{"@type":"ImageObject","inLanguage":"es-AR","@id":"https:\/\/jeans.com.py\/tienda\/producto\/pullover-para-hombre-2-por-gs-249-000\/#primaryimage","url":"https:\/\/jeans.com.py\/tienda\/wp-content\/uploads\/2024\/05\/pullover_para_hombres.jpeg","contentUrl":"https:\/\/jeans.com.py\/tienda\/wp-content\/uploads\/2024\/05\/pullover_para_hombres.jpeg","width":375,"height":500,"caption":"pullover para hombre"},{"@type":"BreadcrumbList","@id":"https:\/\/jeans.com.py\/tienda\/producto\/pullover-para-hombre-2-por-gs-249-000\/#breadcrumb","itemListElement":[{"@type":"ListItem","position":1,"name":"Inicio","item":"https:\/\/jeans.com.py\/tienda\/"},{"@type":"ListItem","position":2,"name":"Tienda","item":"https:\/\/jeans.com.py\/tienda\/tienda\/"},{"@type":"ListItem","position":3,"name":"Pullover para hombre 2 por Gs.249.000"}]},{"@type":"WebSite","@id":"https:\/\/jeans.com.py\/tienda\/#website","url":"https:\/\/jeans.com.py\/tienda\/","name":"Jeans.com.py Outlet online en Paraguay","description":"Outlet de jeans online en Paraguay","publisher":{"@id":"https:\/\/jeans.com.py\/tienda\/#organization"},"potentialAction":[{"@type":"SearchAction","target":{"@type":"EntryPoint","urlTemplate":"https:\/\/jeans.com.py\/tienda\/?s={search_term_string}"},"query-input":{"@type":"PropertyValueSpecification","valueRequired":true,"valueName":"search_term_string"}}],"inLanguage":"es-AR"},{"@type":"Organization","@id":"https:\/\/jeans.com.py\/tienda\/#organization","name":"Jeans.com.py Outlet online en Paraguay","url":"https:\/\/jeans.com.py\/tienda\/","logo":{"@type":"ImageObject","inLanguage":"es-AR","@id":"https:\/\/jeans.com.py\/tienda\/#\/schema\/logo\/image\/","url":"https:\/\/jeans.com.py\/tienda\/wp-content\/uploads\/2022\/10\/jeans-e1667927625870.png","contentUrl":"https:\/\/jeans.com.py\/tienda\/wp-content\/uploads\/2022\/10\/jeans-e1667927625870.png","width":680,"height":246,"caption":"Jeans.com.py Outlet online en Paraguay"},"image":{"@id":"https:\/\/jeans.com.py\/tienda\/#\/schema\/logo\/image\/"},"sameAs":["https:\/\/www.facebook.com\/jeans.com.py","https:\/\/www.instagram.com\/jeans.com.py\/"]}]}},"_links":{"self":[{"href":"https:\/\/jeans.com.py\/tienda\/wp-json\/wp\/v2\/product\/5240","targetHints":{"allow":["GET"]}}],"collection":[{"href":"https:\/\/jeans.com.py\/tienda\/wp-json\/wp\/v2\/product"}],"about":[{"href":"https:\/\/jeans.com.py\/tienda\/wp-json\/wp\/v2\/types\/product"}],"replies":[{"embeddable":true,"href":"https:\/\/jeans.com.py\/tienda\/wp-json\/wp\/v2\/comments?post=5240"}],"version-history":[{"count":2,"href":"https:\/\/jeans.com.py\/tienda\/wp-json\/wp\/v2\/product\/5240\/revisions"}],"predecessor-version":[{"id":5243,"href":"https:\/\/jeans.com.py\/tienda\/wp-json\/wp\/v2\/product\/5240\/revisions\/5243"}],"wp:featuredmedia":[{"embeddable":true,"href":"https:\/\/jeans.com.py\/tienda\/wp-json\/wp\/v2\/media\/5241"}],"wp:attachment":[{"href":"https:\/\/jeans.com.py\/tienda\/wp-json\/wp\/v2\/media?parent=5240"}],"wp:term":[{"taxonomy":"product_brand","embeddable":true,"href":"https:\/\/jeans.com.py\/tienda\/wp-json\/wp\/v2\/product_brand?post=5240"},{"taxonomy":"product_cat","embeddable":true,"href":"https:\/\/jeans.com.py\/tienda\/wp-json\/wp\/v2\/product_cat?post=5240"},{"taxonomy":"product_tag","embeddable":true,"href":"https:\/\/jeans.com.py\/tienda\/wp-json\/wp\/v2\/product_tag?post=5240"}],"curies":[{"name":"wp","href":"https:\/\/api.w.org\/{rel}","templated":true}]}}